{"id":1376,"date":"2024-10-10T18:12:01","date_gmt":"2024-10-10T17:12:01","guid":{"rendered":"https:\/\/tomademi.org\/?post_type=proyecto&#038;p=1376"},"modified":"2024-10-21T15:30:41","modified_gmt":"2024-10-21T14:30:41","slug":"inclusion-social","status":"publish","type":"proyecto","link":"https:\/\/tomademi.org\/en\/proyecto\/inclusion-social\/","title":{"rendered":"Inclusi\u00f3n social"},"content":{"rendered":"<p><span style=\"font-weight: 400;\">Muchas personas en nuestra sociedad se sienten marginadas o excluidas, ya sea por su situaci\u00f3n econ\u00f3mica, su origen o sus capacidades. En Fundaci\u00f3n TomaDeMi, trabajamos para dar voz y apoyo a quienes han sido olvidados o dejados de lado. Desarrollamos programas de inclusi\u00f3n que permitan a estas personas reintegrarse plenamente en la sociedad, recuperando su autoestima y ofreci\u00e9ndoles oportunidades de crecimiento personal y profesional.<\/span><\/p>\n","protected":false},"featured_media":1596,"template":"","meta":{"_acf_changed":false},"class_list":["post-1376","proyecto","type-proyecto","status-publish","has-post-thumbnail","hentry"],"acf":[],"_links":{"self":[{"href":"https:\/\/tomademi.org\/en\/wp-json\/wp\/v2\/proyecto\/1376","targetHints":{"allow":["GET"]}}],"collection":[{"href":"https:\/\/tomademi.org\/en\/wp-json\/wp\/v2\/proyecto"}],"about":[{"href":"https:\/\/tomademi.org\/en\/wp-json\/wp\/v2\/types\/proyecto"}],"wp:featuredmedia":[{"embeddable":true,"href":"https:\/\/tomademi.org\/en\/wp-json\/wp\/v2\/media\/1596"}],"wp:attachment":[{"href":"https:\/\/tomademi.org\/en\/wp-json\/wp\/v2\/media?parent=1376"}],"curies":[{"name":"wp","href":"https:\/\/api.w.org\/{rel}","templated":true}]}}

Inclusión social

<p><span style="font-weight: 400;">Muchas personas en nuestra sociedad se sienten marginadas o excluidas, ya sea por su situación económica, su origen o sus capacidades. En Fundación TomaDeMi, trabajamos para dar voz y apoyo a quienes han sido olvidados o dejados de lado. Desarrollamos programas de inclusión que permitan a estas personas reintegrarse plenamente en la sociedad, recuperando su autoestima y ofreciéndoles oportunidades de crecimiento personal y profesional.</span></p>
