{"id":1377,"date":"2024-10-10T18:12:20","date_gmt":"2024-10-10T17:12:20","guid":{"rendered":"https:\/\/tomademi.org\/?post_type=proyecto&#038;p=1377"},"modified":"2024-10-21T15:30:49","modified_gmt":"2024-10-21T14:30:49","slug":"lucha-contra-la-pobreza-infantil","status":"publish","type":"proyecto","link":"https:\/\/tomademi.org\/en\/proyecto\/lucha-contra-la-pobreza-infantil\/","title":{"rendered":"Lucha contra la pobreza infantil"},"content":{"rendered":"<p>C<span style=\"font-weight: 400;\">reemos firmemente en que todos los ni\u00f1os merecen un futuro lleno de oportunidades. Por eso, luchamos diariamente contra la pobreza infantil, asegur\u00e1ndonos de que los m\u00e1s peque\u00f1os puedan acceder a educaci\u00f3n, atenci\u00f3n m\u00e9dica y una nutrici\u00f3n adecuada. Nuestro trabajo se centra en romper el ciclo de pobreza que afecta a miles de ni\u00f1os, brind\u00e1ndoles herramientas para que crezcan en un ambiente saludable y lleno de esperanza.<\/span><\/p>\n","protected":false},"featured_media":1591,"template":"","meta":{"_acf_changed":false},"class_list":["post-1377","proyecto","type-proyecto","status-publish","has-post-thumbnail","hentry"],"acf":[],"_links":{"self":[{"href":"https:\/\/tomademi.org\/en\/wp-json\/wp\/v2\/proyecto\/1377","targetHints":{"allow":["GET"]}}],"collection":[{"href":"https:\/\/tomademi.org\/en\/wp-json\/wp\/v2\/proyecto"}],"about":[{"href":"https:\/\/tomademi.org\/en\/wp-json\/wp\/v2\/types\/proyecto"}],"wp:featuredmedia":[{"embeddable":true,"href":"https:\/\/tomademi.org\/en\/wp-json\/wp\/v2\/media\/1591"}],"wp:attachment":[{"href":"https:\/\/tomademi.org\/en\/wp-json\/wp\/v2\/media?parent=1377"}],"curies":[{"name":"wp","href":"https:\/\/api.w.org\/{rel}","templated":true}]}}

<p>C<span style="font-weight: 400;">reemos firmemente en que todos los niños merecen un futuro lleno de oportunidades. Por eso, luchamos diariamente contra la pobreza infantil, asegurándonos de que los más pequeños puedan acceder a educación, atención médica y una nutrición adecuada. Nuestro trabajo se centra en romper el ciclo de pobreza que afecta a miles de niños, brindándoles herramientas para que crezcan en un ambiente saludable y lleno de esperanza.</span></p>
