{"id":1408,"date":"2024-10-10T18:26:42","date_gmt":"2024-10-10T17:26:42","guid":{"rendered":"https:\/\/tomademi.org\/?post_type=proyecto&#038;p=1408"},"modified":"2024-10-21T15:30:45","modified_gmt":"2024-10-21T14:30:45","slug":"problemas-de-movilidad","status":"publish","type":"proyecto","link":"https:\/\/tomademi.org\/en\/proyecto\/problemas-de-movilidad\/","title":{"rendered":"Problemas de movilidad"},"content":{"rendered":"<p><span style=\"font-weight: 400;\">Nos comprometemos a ayudar a aquellas personas que enfrentan dificultades de movilidad, brind\u00e1ndoles los recursos y el apoyo necesarios para que puedan recuperar su independencia y autonom\u00eda. Desde la donaci\u00f3n de equipos especializados, como sillas de ruedas y pr\u00f3tesis, hasta la facilitaci\u00f3n de terapias f\u00edsicas, nuestro objetivo es que cada persona pueda moverse con mayor libertad y confianza, retomando el control de su vida cotidiana.<\/span><\/p>\n","protected":false},"featured_media":1593,"template":"","meta":{"_acf_changed":false},"class_list":["post-1408","proyecto","type-proyecto","status-publish","has-post-thumbnail","hentry"],"acf":[],"_links":{"self":[{"href":"https:\/\/tomademi.org\/en\/wp-json\/wp\/v2\/proyecto\/1408","targetHints":{"allow":["GET"]}}],"collection":[{"href":"https:\/\/tomademi.org\/en\/wp-json\/wp\/v2\/proyecto"}],"about":[{"href":"https:\/\/tomademi.org\/en\/wp-json\/wp\/v2\/types\/proyecto"}],"wp:featuredmedia":[{"embeddable":true,"href":"https:\/\/tomademi.org\/en\/wp-json\/wp\/v2\/media\/1593"}],"wp:attachment":[{"href":"https:\/\/tomademi.org\/en\/wp-json\/wp\/v2\/media?parent=1408"}],"curies":[{"name":"wp","href":"https:\/\/api.w.org\/{rel}","templated":true}]}}

<p><span style="font-weight: 400;">Nos comprometemos a ayudar a aquellas personas que enfrentan dificultades de movilidad, brindándoles los recursos y el apoyo necesarios para que puedan recuperar su independencia y autonomía. Desde la donación de equipos especializados, como sillas de ruedas y prótesis, hasta la facilitación de terapias físicas, nuestro objetivo es que cada persona pueda moverse con mayor libertad y confianza, retomando el control de su vida cotidiana.</span></p>
